s divided by g?
24
What is the remainder when 353 is divided by 46/(-115) + (-42)/(-10)*17?
69
Suppose 587*t - 608*t = -609. Calculate the remainder when t is divided by 22.
7
Suppose 64 = -d + 5*d. Let q(k) = -k**2 + 26*k - 3. What is the remainder when q(16) is divided by d?
13
What is the remainder when 88 is divided by ((-39)/26)/((-2)/4)?
1
Suppose -46 = j - 2*j. Suppose 2*c - j = -2. What is the remainder when 63 is divided by c?
19
Let r(v) = -6*v + 60. Let z be r(10). What is the remainder when 58 is divided by (13 - 5)*(2 + z/3)?
10
Suppose 3*x + x - 458 = -3*n, -236 = -2*x + 2*n. What is the remainder when 5 is divided by x/30 - (-58)/435?
1
Let q(s) = -s. Let o be q(0). Suppose 2*k + 4 - 32 = o. Let d = 85 - 46. What is the remainder when d is divided by k?
11
Let a(l) = 25*l - 170. Calculate the remainder when 115 is divided by a(9).
5
Let p(z) = 4*z**2 - 6*z. Let g be p(6). Suppose -n + g = n. Let i(m) = 3*m + 8. Calculate the remainder when n is divided by i(2).
12
Suppose -3*a + 28 = 4*s, 5*a - 10 = 10. Suppose d = s*k - 7*k + 567, -3*d - 179 = -k. Calculate the remainder when k is divided by 38.
36
Let j(c) = c**2 + c. Let b(l) = 4*l**2 + 12*l + 11. Let k(i) = b(i) - 2*j(i). Calculate the remainder when k(-6) is divided by (-3)/(-6)*6 + 3.
5
What is the remainder when 349/10 - 3/(-30) is divided by 4?
3
Suppose 57 - 89 = -2*n. Suppose j - 33 = 3*p + 7, 2*p = 2*j - 68. Calculate the remainder when j is divided by n.
15
Suppose 3*k - f - 350 = -2*k, -4*k = 2*f - 294. What is the remainder when k is divided by (-6 + (-132)/(-32))*-8?
11
Let k(c) = c + 7. Let w be k(-4). Suppose w = -3*r + 12. Suppose 5*i + 59 = 4*h, 3*i = r*h + 2*h - 64. What is the remainder when 32 is divided by h?
10
Let x(o) be the second derivative of o**5/10 - 2*o**2 + 14*o. What is the remainder when x(2) is divided by 5?
2
Calculate the remainder when 12 is divided by 13/39*27*(-1 + 2).
3
Let d be (3/(-6))/((-1)/(-138)). Let x = 7 - -134. Let b = x + d. Calculate the remainder when b is divided by 19.
15
Suppose -3*i - 3 = 0, 5*r - 17 = r + i. Let x be -4 - -1*(-72)/(-4). What is the remainder when 5*3 + x/(-7) is divided by r?
1
Let o(w) = -5 - 3 - 4 + 7*w - 1. What is the remainder when o(10) is divided by 12?
9
Let h(b) = b**3 - 3*b**3 + 0*b**3 + 3*b**2 - 2*b - b**3. Suppose -30 = -y - 1. What is the remainder when h(-3) is divided by y?
27
Suppose -2*a + 4*s - 2*s = 4, -2*s + 19 = 3*a. Suppose 5*g = -3*i + 27, -2*i - 13 = -a*g - 7*i. What is the remainder when 17 is divided by g?
5
Suppose 60 = 5*b - 40. Let r = 155 - 80. What is the remainder when r is divided by b?
15
Let l(s) = 1 + 23 - 7 - s. Calculate the remainder when 22 is divided by l(12).
2
Suppose 5*l - 129 = 2*l. Calculate the remainder when l is divided by 2664/1998*(62/8 + -1).
7
Let f = 142 + -117. Calculate the remainder when f is divided by 13.
12
Suppose 0 = 4*w + 3*z - 1352, 102*z - 103*z + 1014 = 3*w. Calculate the remainder when w is divided by 10.
8
Suppose 5*r = -25, z + 5*r = 1 - 6. What is the remainder when 89 is divided by z?
9
Suppose 14*i = 60 + 38. Suppose 0 = 2*d - u, -u = -3*d + 4 - 2. Let n(k) = 7*k - 2. Calculate the remainder when n(d) is divided by i.
5
Let r(w) be the second derivative of -w**3/6 + 3*w**2 + 9*w. What is the remainder when 31 is divided by r(-2)?
7
Let w(g) be the first derivative of -g**4/4 - 2*g**3/3 + 3*g**2 - 6*g + 27. What is the remainder when 150 is divided by w(-5)?
33
Calculate the remainder when 197 is divided by (-26)/585 + (-50502)/(-270).
10
Let c(y) = -68 - 22 + 11*y - 29*y. What is the remainder when c(-6) is divided by 6?
0
Suppose -4*r - 98 = 4*v - 9*v, -94 = -5*v + 2*r. Calculate the remainder when v is divided by 11.
7
Suppose v + 121 = 6*c, -5*c + 33 = -3*v - 70. Calculate the remainder when 38 is divided by c.
18
Suppose -o - 366 = -4*o. Let n be 2*2/8*o. Suppose 0 = 3*l - 3*m - 81, l - 5*m + 14 = n. Calculate the remainder when l is divided by 6.
4
Let r = 6 - 15. Let p = 15 + r. Suppose 0 = -p*m + m + 155. Calculate the remainder when m is divided by 11.
9
Let u = 4 - 9. Let s(w) = -2*w - 3. Let i(z) = -z + 33. What is the remainder when i(0) is divided by s(u)?
5
Let j = -141 + 180. Calculate the remainder when j is divided by 4.
3
Suppose -15*f + 10 = -845. Calculate the remainder when f is divided by 18.
3
Calculate the remainder when 146 is divided by ((-22)/16 - -1)*(-60 + 52).
2
Let r be 0*(-3)/((-36)/(-4)). Suppose 6*n - 114 = -r*n. Suppose -z + 3*z - n = -a, -51 = -5*a + z. What is the remainder when 21 is divided by a?
10
Let p be 78/4*(-8 + (-28)/(-3)). Suppose -5*i = 10 - 130. Suppose -v + 5*d + 12 = -p, 0 = 2*v + 3*d - i. Calculate the remainder when 35 is divided by v.
17
Let d = -23 + 221. What is the remainder when d is divided by 101?
97
Calculate the remainder when 116 is divided by (-13)/(-1) + 0/(11 - 18).
12
Let p = 551 - -278. What is the remainder when p is divided by 6?
1
Let z(i) = i - 3. Let f be z(6). Suppose f*l - 16 = 47. Suppose 47*d - 50*d = -33. What is the remainder when l is divided by d?
10
Let z = 796 + -774. Calculate the remainder when 87 is divided by z.
21
Let b be (-15 + 6)*1/(-3). Suppose b*t - 4*g = 13, 5*t - 2*t - 11 = 2*g. Let c = 58 + -53. What is the remainder when c is divided by t?
2
Let i(q) = -9*q**2 + 245*q + 5. Calculate the remainder when 107 is divided by i(27).
48
Let j = 3345 + -3319. Calculate the remainder when j is divided by (4/(-8))/(2/(-36)).
8
Suppose -3*p + 5*b + 23 = 0, 4*p + 0*p + 5*b = -16. What is the remainder when 12 is divided by p?
0
Let d = 45 - 24. Calculate the remainder when (31/(-3))/(9/(-54)) is divided by d.
20
Let z = -130 + 157. Suppose -2*y = -4*g - 142, -83 = -y - 2*g + g. Calculate the remainder when y is divided by z.
25
Let q = 1854 - 1833. What is the remainder when 607 is divided by q?
19
Let h = -107 + 134. Calculate the remainder when 81 is divided by h.
0
Let y = -44 - -63. What is the remainder when 48 is divided by y?
10
Suppose -5*c - 2*h + 63 = 0, -3*h + 61 + 1 = 5*c. What is the remainder when 34 is divided by c?
8
Let l = -5 + 9. Let t be 12*(8/3)/l. Calculate the remainder when 172/t - 1/(-2) is divided by 8.
6
Let y be 504/104 - 2/(-13). Suppose -4*c - t = -91, 3 = c + y*t - 34. What is the remainder when 98 is divided by 11/c - 98/(-4)?
23
Let s(b) = -b**2 - 31*b - 62. Calculate the remainder when 129 is divided by s(-28).
19
Let n be 8/(-4)*(-1 - (-1)/(-2)). Suppose 0 = 3*a + 2*l - 51, 2*a - n*l + 7 = 28. Suppose -3*m + 57 = -69. What is the remainder when m is divided by a?
12
Calculate the remainder when -9 + 8 - (0 + -54) is divided by 6/(-14) - 118/(-14).
5
Let a(z) = -10*z**2 - 7*z + 8. Let v(g) = -11*g**2 - 8*g + 9. Let c(o) = -6*a(o) + 5*v(o). What is the remainder when 105 is divided by c(-3)?
33
Suppose -8*u = -498 - 638. What is the remainder when u is divided by 49?
44
Suppose -5*d + 3*s = -307, 3*d - 5*s + 4*s = 181. What is the remainder when 345 is divided by d?
50
Let y = 684 - 515. What is the remainder when y is divided by 43?
40
Suppose -2*u - 32 = -3*z, -3*z + 4*u = -7*z + 76. What is the remainder when z is divided by (-4)/(-2) + -3 + 5?
2
Suppose -3*i - 66 + 351 = 0. Let k(f) = 73*f + 178. Calculate the remainder when i is divided by k(-2).
31
Suppose 0 = -21*o + 15*o + 330. What is the remainder when 209 is divided by o?
44
Suppose -2*w - w = -135. Let b be -5 - (4 + -9) - -6. Suppose 0 = 3*z - b, 28 = d + 3*z - 2. Calculate the remainder when w is divided by d.
21
Let l(d) = -d**3 + 5*d**2 - 2*d - 6. Let f be -26*(-4*1)/(-8). Let u = f - -16. What is the remainder when l(u) is divided by 3?
0
Suppose 17 = -f + 48. Calculate the remainder when f is divided by 6/16*6*4.
4
Let r(g) = 8*g + 19. Let t = -46 - -50. Calculate the remainder when r(t) is divided by 9.
6
Let h(s) = s**3 - 3*s**2 - 15*s - 1. Suppose 0 = 4*g - 2*g - 60. Suppose 5*c + g = 8*c. Calculate the remainder when h(6) is divided by c.
7
Let r(c) = -5 - 5*c + 19 - 6 - c**2. Let x be r(-6). What is the remainder when (-3)/x*(5 - 15) is divided by 6?
3
Suppose 7*f - 46 - 122 = 0. What is the remainder when 139 is divided by f?
19
Suppose 2*g - 4*v = -0*g + 18, -3*g + 27 = 4*v. Suppose g*i - 1 = 17. What is the remainder when 8 is divided by 